{"id":28811,"date":"2025-09-25T11:54:46","date_gmt":"2025-09-25T11:54:46","guid":{"rendered":"http:\/\/localhost\/myshopdata\/index.php\/product\/pearhead-woof-ceramic-dog-bowl-gifts-for-pet-owners-holds-3-cups-dog-gift-medium-water-and-food-dish-microwave-and-dishwasher-safe\/"},"modified":"2025-09-25T11:54:46","modified_gmt":"2025-09-25T11:54:46","slug":"pearhead-woof-ceramic-dog-bowl-gifts-for-pet-owners-holds-3-cups-dog-gift-medium-water-and-food-dish-microwave-and-dishwasher-safe","status":"publish","type":"product","link":"https:\/\/cozydogspaces.com\/index.php\/product\/pearhead-woof-ceramic-dog-bowl-gifts-for-pet-owners-holds-3-cups-dog-gift-medium-water-and-food-dish-microwave-and-dishwasher-safe\/","title":{"rendered":"Pearhead Woof Ceramic Dog Bowl, Gifts for Pet Owners, Holds 3 Cups, Dog Gift, Medium Water and Food Dish, Microwave and Dishwasher Safe"},"content":{"rendered":"<p><!-- show up to 2 reviews by default --> <\/p>\n<p> <span>Feed your furry friend in style with this modern ceramic pet bowl by Pearhead! This speckled beige dog bowl includes a bone treat design with \u201cwoof\u201d print. This dog food bowl or water bowl is microwave-safe making heating and reheating easy. Our pet bowl is dishwasher safe making it easy to clean and perfect for small to medium sized dogs of any breed and age. Pet owners will love showing their love for and bond with the family favorite by incorporating their food or water bowl in their home d\u00e9cor! This home d\u00e9cor accessory is neutral and sure to match any home or kitchen d\u00e9cor style. This pet gift is the perfect pet adoption gift, new puppy gift, house-warming gift, holiday gift, birthday gift or gift for any occasion for pet owners and their good boys. With a generous capacity of 3 cups, it&#8217;s ideal for serving your pet&#8217;s favorite kibbles or treats. Microwave Safe. Dishwasher Safe. Dimensions: 6.3\u201d L x 6.3\u201d W x 2.2\u201d H; Holds: 3 Cups \/ 710 ml \/ 24oz \/ Medium<\/span> <\/p>\n<p>Ceramic Dog Food Bowl: Pearhead\u2019s adorable pet dish features the words \u201cwoof\u201d with a dog bone in modern, neutral color to go with any home decor<br \/>\nDishwasher and Microwave Safe: Our ceramic pet food bowl is great for heating and reheating your pup\u2019s food. It is dishwasher safe and easy to clean<br \/>\nSpill Proof and Non-Slip: This durable dog feeding bowl or water bowl is made from durable ceramic and will not slide or get knocked over by your messy eater<br \/>\nNew Dog Owner Gift: This pet bowl is the perfect pet gift, adoption gift, new puppy gift, housewarming gift, holiday gift, birthday gift or gift for any occasion for pet owners and their four-legged best friends!<br \/>\nPet Bowl Dimensions: 6.3\u201d L x 6.3\u201d W x 2.2\u201d H; Holds: 3 Cups \/ 710 ml \/ 24oz \/ Medium<\/p>\n","protected":false},"excerpt":{"rendered":"<p>Ceramic Dog Food Bowl: Pearhead\u2019s adorable pet dish features the words \u201cwoof\u201d with a dog bone in modern, neutral color to go with any home decor<br \/>\nDishwasher and Microwave Safe: Our ceramic pet food bowl is great for heating and reheating your pup\u2019s food. It is dishwasher safe and easy to clean<br \/>\nSpill Proof and Non-Slip: This durable dog feeding bowl or water bowl is made from durable ceramic and will not slide or get knocked over by your messy eater<\/p>\n","protected":false},"featured_media":28812,"comment_status":"open","ping_status":"closed","template":"","meta":{"_gspb_post_css":""},"store":[],"product_brand":[],"product_cat":[23544,23539],"product_tag":[],"class_list":{"0":"post-28811","1":"product","2":"type-product","3":"status-publish","4":"has-post-thumbnail","6":"product_cat-dog-bowls","7":"product_cat-dog-supplies-organization","8":"pa_age-range-description-all-life-stages","9":"pa_brand-visit-the-pearhead-store","10":"pa_brand-name-pearhead","11":"pa_breed-recommendation-all-breed-sizes","12":"pa_date-first-available-february-28-2022","13":"pa_included-components-ceramic-feeding-bowl","14":"pa_item-dimensions-lxwxh-6-35-x-6-25-x-2-2-inches","15":"pa_item-model-number-35174","16":"pa_item-package-dimensions-l-x-w-10-75-x-6-5-x-2-44-inches","17":"pa_item-weight-17-96-g","18":"pa_language-english","19":"pa_manufacturer-pearhead-inc","20":"pa_model-name-woof-pet-dish","21":"pa_special-features-dishwasher-safe","22":"pa_specific-uses-for-product-pet-food","23":"pa_style-medium","24":"pa_style-white-woof-bowl","25":"pa_target-audience-keyword-dogs","26":"pa_wick-quantity-905","28":"first","29":"instock","30":"shipping-taxable","31":"product-type-external"},"_links":{"self":[{"href":"https:\/\/cozydogspaces.com\/index.php\/wp-json\/wp\/v2\/product\/28811","targetHints":{"allow":["GET"]}}],"collection":[{"href":"https:\/\/cozydogspaces.com\/index.php\/wp-json\/wp\/v2\/product"}],"about":[{"href":"https:\/\/cozydogspaces.com\/index.php\/wp-json\/wp\/v2\/types\/product"}],"replies":[{"embeddable":true,"href":"https:\/\/cozydogspaces.com\/index.php\/wp-json\/wp\/v2\/comments?post=28811"}],"wp:featuredmedia":[{"embeddable":true,"href":"https:\/\/cozydogspaces.com\/index.php\/wp-json\/wp\/v2\/media\/28812"}],"wp:attachment":[{"href":"https:\/\/cozydogspaces.com\/index.php\/wp-json\/wp\/v2\/media?parent=28811"}],"wp:term":[{"taxonomy":"store","embeddable":true,"href":"https:\/\/cozydogspaces.com\/index.php\/wp-json\/wp\/v2\/store?post=28811"},{"taxonomy":"product_brand","embeddable":true,"href":"https:\/\/cozydogspaces.com\/index.php\/wp-json\/wp\/v2\/product_brand?post=28811"},{"taxonomy":"product_cat","embeddable":true,"href":"https:\/\/cozydogspaces.com\/index.php\/wp-json\/wp\/v2\/product_cat?post=28811"},{"taxonomy":"product_tag","embeddable":true,"href":"https:\/\/cozydogspaces.com\/index.php\/wp-json\/wp\/v2\/product_tag?post=28811"}],"curies":[{"name":"wp","href":"https:\/\/api.w.org\/{rel}","templated":true}]}}